{"id":67,"date":"2013-10-08T11:36:30","date_gmt":"2013-10-08T09:36:30","guid":{"rendered":"http:\/\/www.eft-norikotrost.at\/wordpress\/?page_id=67"},"modified":"2022-04-05T11:27:23","modified_gmt":"2022-04-05T09:27:23","slug":"artist","status":"publish","type":"page","link":"http:\/\/www.eft-norikotrost.at\/?page_id=67","title":{"rendered":"K\u00fcnstler"},"content":{"rendered":"<p><!--:de--><\/p>\n<p><a href=\"http:\/\/www.eft-norikotrost.at\/wp-content\/uploads\/\u9752.jpg\"><img loading=\"lazy\" decoding=\"async\" class=\"alignnone wp-image-1606 size-full\" src=\"http:\/\/www.eft-norikotrost.at\/wp-content\/uploads\/\u9752.jpg\" alt=\"\" width=\"1258\" height=\"1387\" srcset=\"http:\/\/www.eft-norikotrost.at\/wp-content\/uploads\/\u9752.jpg 1258w, http:\/\/www.eft-norikotrost.at\/wp-content\/uploads\/\u9752-272x300.jpg 272w, http:\/\/www.eft-norikotrost.at\/wp-content\/uploads\/\u9752-510x562.jpg 510w, http:\/\/www.eft-norikotrost.at\/wp-content\/uploads\/\u9752-768x847.jpg 768w, http:\/\/www.eft-norikotrost.at\/wp-content\/uploads\/\u9752-54x60.jpg 54w\" sizes=\"(max-width: 1258px) 100vw, 1258px\" \/><\/a><\/p>\n<p>&#8222;Extreme B\u00fchnenangst&#8220;<\/p>\n<p>&#8222;Ich habe Angst, wenn die Vorstellung naht&#8220;<\/p>\n<p>\u201eIch habe Angst vor der B\u00fchne\u201c<\/p>\n<p>&#8222;Unsicherheit&#8220;<\/p>\n<p>&#8222;Ich werde beim Spielen abgelenkt&#8220;<\/p>\n<p>&#8222;Symptome treten im K\u00f6rper auf&#8220;<\/p>\n<p>&#8222;Ich kann mich nicht auf das \u00dcben konzentrieren&#8220;<\/p>\n<p>&#8222;Ich kann mich nicht konzentrieren auf der B\u00fchne &#8222;<\/p>\n<p>&#8222;Ich bin deprimiert, dass andere erfolgreich sind.&#8220;<\/p>\n<p>&#8222;Ich mache mir Sorgen, weil ich keinen Job habe&#8220;<\/p>\n<p>&#8222;Ich kann die Zukunft nicht sehen&#8220;<\/p>\n<p>Wollen Sie auf die B\u00fchne Ihr F\u00e4higkeiten zeigen?<\/p>\n<p>Wollen Sie die Qualit\u00e4t des t\u00e4glichen Training Verbessern?<\/p>\n<p>In meiner Sitzung lernen Sie unangenehmes Gef\u00fchl oder Beschwerden zu befreien mit EFT Klopftechnik und wir werden wichtige F\u00e4higkeiten \u00fcben um Ihre &#8222;Performing Attitude&#8220; zu verbessern.<br \/>(Mentaltraining basiert auf Sportpsychologie.)<\/p>\n<p>Kombination mit Klopftechnique wirkt sehr schnell und gut f\u00fcr Lampenfieber.<\/p>\n<p>Lassen Sie uns anfangen!<\/p>\n<p><a href=\"http:\/\/www.eft-norikotrost.at\/wp-content\/uploads\/1379668_10151650250727234_938571530_n-2.jpg\"><img loading=\"lazy\" decoding=\"async\" class=\"alignnone size-medium wp-image-898\" src=\"http:\/\/www.eft-norikotrost.at\/wp-content\/uploads\/1379668_10151650250727234_938571530_n-2-221x300.jpg\" alt=\"\" width=\"221\" height=\"300\" srcset=\"http:\/\/www.eft-norikotrost.at\/wp-content\/uploads\/1379668_10151650250727234_938571530_n-2-221x300.jpg 221w, http:\/\/www.eft-norikotrost.at\/wp-content\/uploads\/1379668_10151650250727234_938571530_n-2-510x693.jpg 510w, http:\/\/www.eft-norikotrost.at\/wp-content\/uploads\/1379668_10151650250727234_938571530_n-2.jpg 707w\" sizes=\"(max-width: 221px) 100vw, 221px\" \/><\/a><\/p>\n<p><iframe loading=\"lazy\" title=\"EFT Klopfen f\u00fcr B\u00fchnenk\u00fcnstlerinnen.\" width=\"1020\" height=\"574\" src=\"https:\/\/www.youtube.com\/embed\/sPTk5INcyDU?start=12&#038;feature=oembed\" frameborder=\"0\" allow=\"accelerometer; autoplay; clipboard-write; encrypted-media; gyroscope; picture-in-picture\" allowfullscreen><\/iframe><\/p>\n<p><iframe loading=\"lazy\" title=\"EFT gegen Herzrasen - EFT Klopfen f\u00fcr B\u00fchnenk\u00fcnstlerInnen.\" width=\"1020\" height=\"574\" src=\"https:\/\/www.youtube.com\/embed\/YKgceHX_-RM?start=8&#038;feature=oembed\" frameborder=\"0\" allow=\"accelerometer; autoplay; clipboard-write; encrypted-media; gyroscope; picture-in-picture\" allowfullscreen><\/iframe><\/p>\n<p><a href=\"https:\/\/www.youtube.com\/watch?v=sPTk5INcyDU&amp;t=12s\">https:\/\/www.youtube.com\/watch?v=sPTk5INcyDU&amp;t=12s<\/a><\/p>\n\n","protected":false},"excerpt":{"rendered":"<p>&#8222;Extreme B\u00fchnenangst&#8220; &#8222;Ich habe Angst, wenn die Vorstellung naht&#8220; \u201eIch habe Angst vor der B\u00fchne\u201c &#8222;Unsicherheit&#8220; &#8222;Ich werde beim Spielen abgelenkt&#8220; &#8222;Symptome treten im K\u00f6rper auf&#8220; &#8222;Ich kann mich nicht auf das \u00dcben konzentrieren&#8220; &#8222;Ich kann mich nicht konzentrieren auf der B\u00fchne &#8222; &#8222;Ich bin deprimiert, dass andere erfolgreich sind.&#8220; &#8222;Ich mache mir Sorgen, weil &hellip; <\/p>\n","protected":false},"author":1,"featured_media":0,"parent":18,"menu_order":1,"comment_status":"closed","ping_status":"closed","template":"","meta":{"_themeisle_gutenberg_block_has_review":false,"footnotes":""},"aioseo_notices":[],"_links":{"self":[{"href":"http:\/\/www.eft-norikotrost.at\/index.php?rest_route=\/wp\/v2\/pages\/67"}],"collection":[{"href":"http:\/\/www.eft-norikotrost.at\/index.php?rest_route=\/wp\/v2\/pages"}],"about":[{"href":"http:\/\/www.eft-norikotrost.at\/index.php?rest_route=\/wp\/v2\/types\/page"}],"author":[{"embeddable":true,"href":"http:\/\/www.eft-norikotrost.at\/index.php?rest_route=\/wp\/v2\/users\/1"}],"replies":[{"embeddable":true,"href":"http:\/\/www.eft-norikotrost.at\/index.php?rest_route=%2Fwp%2Fv2%2Fcomments&post=67"}],"version-history":[{"count":81,"href":"http:\/\/www.eft-norikotrost.at\/index.php?rest_route=\/wp\/v2\/pages\/67\/revisions"}],"predecessor-version":[{"id":1616,"href":"http:\/\/www.eft-norikotrost.at\/index.php?rest_route=\/wp\/v2\/pages\/67\/revisions\/1616"}],"up":[{"embeddable":true,"href":"http:\/\/www.eft-norikotrost.at\/index.php?rest_route=\/wp\/v2\/pages\/18"}],"wp:attachment":[{"href":"http:\/\/www.eft-norikotrost.at\/index.php?rest_route=%2Fwp%2Fv2%2Fmedia&parent=67"}],"curies":[{"name":"wp","href":"https:\/\/api.w.org\/{rel}","templated":true}]}}